5 = -274. Let u = -47 + l. What is the units digit of u?
4
Let m be (-1 + 3 - 9)*(-2 + -1). Suppose -m*h + 2856 = -9*h. What is the hundreds digit of h?
2
Let m = -5340 - -7931. What is the thousands digit of m?
2
Suppose 264*n + 17892 = 271*n. What is the tens digit of n?
5
Let p = 976 + -370. What is the units digit of p?
6
Let l(k) = -639*k - 95. What is the units digit of l(-5)?
0
Suppose -j - 7*z + 2*z = -203, 3*j - 533 = 4*z. Let c = 5 + j. What is the units digit of c?
8
Let p = -31 + 13. Let v be (12/3)/((-24)/p). Let c(y) = 3*y**3 - 2*y**2 + 4*y - 4. What is the units digit of c(v)?
1
Let i(o) = 14*o**2 - 102*o. What is the units digit of i(-6)?
6
Suppose 358*n = 413*n - 177705. What is the tens digit of n?
3
Suppose 0 = 2*u + 6, -5*p + 2*u - 18 = -2*p. What is the hundreds digit of (-1166)/p - (-5)/(-40)*-2?
1
Suppose -10*w + 5 = -9*w. Suppose w*j - 205 = 230. What is the tens digit of j?
8
Suppose 10 = h - 3*h. Let f = 7 + h. Suppose f*g = -g + 93. What is the units digit of g?
1
Let g(v) = v**2 - 6*v - 3. Let b be (19/(-38))/((-1)/6). Suppose -b*u - 70 = -5*h - 5*u, 0 = -5*h - u + 65. What is the units digit of g(h)?
9
Suppose 0 = -5*q + 4*n + 6150, 5*q + 3*n = -1734 + 7849. What is the thousands digit of q?
1
Let f(c) = -15*c - 45. Let r be 14 + -15 + -3*2. What is the tens digit of f(r)?
6
Let c(b) = 2*b**3 - 2*b**2 - 13*b - 19. What is the hundreds digit of c(9)?
1
Suppose 4*a - 6*a = -204. Suppose 0 = -3*f - 18 + a. What is the units digit of f?
8
Suppose 8*q - 1039 = 8329. What is the tens digit of q?
7
Suppose 0 = -k + 5*k - 88. Suppose -4*x = 2*c - k, 0 = -2*c + 5*x - 6 + 1. Suppose -c*g - 160 = -10*g. What is the units digit of g?
2
Let r(y) = 3*y**3 - y + 1. Let z be r(1). Suppose -z*b = 4*h - 399, -2*h - 3*b + 177 = -6*b. What is the units digit of h?
6
Suppose -f - 5*o = -20, -f + 3*o = o - 6. Suppose -11*h + f*h = -46. Let d = 68 - h. What is the tens digit of d?
2
Suppose 2*v + 5*y - 45 = 0, -v - 11*y + 15 = -6*y. Let p(q) = q**3 + 8*q**2 + 10*q + 8. Let w be p(-6). Suppose v = n - w. What is the tens digit of n?
5
Let w(y) = -465*y - 395. What is the tens digit of w(-6)?
9
Suppose 4*t - d = 1763, t - 3*d = 361 + 77. What is the tens digit of t?
4
Suppose 0 = -12*a + 1245 + 8187. What is the hundreds digit of a?
7
Suppose 0 = -v + 5*u + 125, 5*v = 3*v + 5*u + 265. What is the units digit of v?
0
Suppose a = 2*m + m - 25, -5*m - 3*a + 65 = 0. Suppose -16*b + m*b = -450. What is the units digit of b?
5
Suppose 5*n = -m - 19, 5*m + 0*m + 3*n - 15 = 0. Suppose -2*q - q = -m. What is the units digit of (3 - -11 - -1) + q?
7
Let w(y) = 5*y**2 + 17*y - 4. Let o = -21 - -13. What is the hundreds digit of w(o)?
1
Suppose 3*x + 2*p - 4002 = 5*x, -p - 6015 = 3*x. What is the units digit of x/(-42) - (-4)/14?
8
Suppose -3*h + 3321 = -3*q, -5511 = 6*h - 11*h - 3*q. What is the thousands digit of h?
1
What is the hundreds digit of ((-1)/(-2) - 1742/4)*-1?
4
Suppose 9*f - 553 = 2*f. Let a = f + -38. What is the tens digit of a?
4
Suppose 26*x = 40235 + 44057. What is the hundreds digit of x?
2
What is the tens digit of (-18118)/(-14) + 781/(-77) + 10?
9
Let l(b) = 7*b**2 + 11*b - 106. What is the units digit of l(-18)?
4
Let d(y) = 35*y**2 - 17*y + 46. What is the hundreds digit of d(5)?
8
Let u(s) = s**3 - 3*s**2 - s - 7. Let o be u(4). Suppose -5*i - 2*m + 242 = 0, -2*m = -o*m - 12. What is the units digit of i?
0
Suppose 0 = -0*i + 3*i + 228. Let x = -52 - i. Let g = x + -16. What is the units digit of g?
8
Let z(f) = 5*f - 5*f + 4*f - 1 - 5*f. Let h be z(-6). Suppose h*p - 350 = -105. What is the tens digit of p?
4
Suppose -8 = 2*o - 20. Suppose 9*c - 6*c = o. What is the units digit of (2/6)/(c/84)?
4
Let l(v) = 5*v**2 - 2*v - 3. Let z be 1/1 + 12/(-4). Let u be l(z). Let r = u + -10. What is the tens digit of r?
1
Let p be 5992/48 + (-1)/(-6). Let q = -78 + p. What is the units digit of q?
7
Let y = -6 - -7. Let n be (-2 + 5)/(y/3). Suppose 2*j + 51 = 5*u, -n = 3*u - 5*u - 3*j. What is the units digit of u?
9
Suppose v = 4*d - 78 + 9, -5*v + 7 = 2*d. Let u be (-46)/(-14) + (-2)/7. Suppose -u*j - 4*n = -8, -4*j = -3*n - 28 - d. What is the units digit of j?
8
Suppose 0 = 2*m - 2, -1 - 13 = -2*s - 2*m. Suppose z + s*z = 644. What is the tens digit of z?
9
Let g(n) = -19*n - 2. Suppose 0 = 3*s - 4*u - 54, s - u - 14 = 5. Let v = s + -24. What is the tens digit of g(v)?
3
What is the thousands digit of (2236 - 5) + -6 + (8 - -1)?
2
Let h(z) = -6*z + 14. Suppose -20 = -4*u - 5*v - 59, -6 = 2*v. Let g be h(u). Let m = 74 - g. What is the tens digit of m?
2
Suppose -4*v - 2*g = -172, -2*v = 3*v - 4*g - 202. Let w = 3 + 1. Suppose -w*z - 2 = -v. What is the tens digit of z?
1
Let d be 86/2*4*7/14. Suppose -40*u + d = -38*u. What is the tens digit of u?
4
Let t(p) = -p**3 + 7*p**2 - 7*p + 9. Let i be t(6). Suppose 4*s = 5*w + i*s - 358, 2*w - 152 = -4*s. What is the units digit of w?
2
Suppose 0 = 7*s - 5*s. Suppose s = 3*d + 4*x - 71 - 196, x = 0. Suppose -d + 8 = -3*i. What is the units digit of i?
7
Let x = 3 - 3. Let j = x - -14. What is the units digit of j?
4
Let n(v) = 4*v + 12. Let m(l) = -2*l - 2. Let j be m(6). Let d be n(j). Let w = d + 62. What is the units digit of w?
8
Let m = -404 - -989. What is the units digit of m?
5
Let l(n) = n**3 + 15*n**2 - 18*n + 9. Let y be l(-16). Suppose 2*x = 113 + y. What is the tens digit of x?
7
Suppose 0 = 3*m + 12, 2*d - 33 - 9 = 5*m. Suppose -d*f + 382 = -267. What is the tens digit of f?
5
Let f = -251 + 542. What is the hundreds digit of f?
2
Let o = 1903 + -1151. What is the hundreds digit of o?
7
Let c(k) be the second derivative of 9*k**5/40 - 2*k**3/3 + 5*k. Let q(y) be the second derivative of c(y). What is the tens digit of q(1)?
2
Suppose 14*d - 6*d = 24. What is the tens digit of d*((-2)/(-4) - (-266)/12)?
6
Let l = -35 + 53. What is the units digit of (1 + (-11)/5)/(l/(-2820))?
8
Let q(x) = 5*x - 2*x**2 + 2*x**2 - x**2 - 5. Let s be q(4). Let l(h) = 11*h**2 - h - 1. What is the units digit of l(s)?
1
Let j be 0 + -3 + 2 + 1. Suppose 0 = -0*a - 3*a - 5*d + 11, 3*a + 2*d - 8 = j. Suppose -35 = -3*g + b, 5*g - 31 = a*g + 2*b. What is the units digit of g?
3
Let c = 1684 + 583. What is the tens digit of c?
6
Let k(p) = -94*p - 123. What is the hundreds digit of k(-12)?
0
Suppose 3*x + 2*z - 34 = 80, 0 = -2*x - 5*z + 87. Let y = 11 + x. What is the tens digit of y?
4
Suppose -4*s + 24 = -3*w, 32 = -5*w + 5*s - 3. Let z(p) = -2*p**3 - 6*p**2 - 5*p - 3. What is the tens digit of z(w)?
4
Suppose 5*i = g + 5295, -67*g = 2*i - 69*g - 2118. What is the tens digit of i?
5
Let m(h) = -237*h - 129. What is the hundreds digit of m(-7)?
5
Suppose 6806 = 3*u - 2*i, -4*u = -5*i - 1082 - 7995. What is the hundreds digit of u?
2
Let w be (-6)/(-8)*4*-1. Let o be 0 + w + 4 - -1. Suppose 2*n = -a + 80, n = -o*a + 6*a + 22. What is the tens digit of n?
3
Let w(j) = 500*j**2 - 17*j + 45. What is the units digit of w(3)?
4
Let o be 10 + 4 + -8*1. Suppose -208 = -4*w - 4*f, -2*w + f - o*f + 101 = 0. What is the tens digit of w?
5
Suppose -4*b = -15 + 3. Suppose 5*f - b*a - 80 = -2*a, -f = -a - 16. What is the tens digit of f?
1
What is the hundreds digit of (-1*(-1176 + 5))/1?
1
Let s(l) = 4*l**2 - 2*l + 2. Let c(r) = -r**2 + 8*r - 6. Let f be c(6). Suppose 4*z - 5*w + 9 = f*z, 0 = -z + 2*w. What is the units digit of s(z)?
4
Let z = 12 + -15. Let t be 1/z - 2/(-6). Let a = t + 39. What is the tens digit of a?
3
Suppose -13 = o - 22. Suppose 0 = -o*k - 143 + 1268. What is the tens digit of k?
2
Let f(k) = -k - 6. Let p = 15 - 7. Let i be (2 - 4)/(2/p). What is the units digit of f(i)?
2
Suppose -2*y + o = 3*y + 3, -o + 3 = 0. Suppose -q - 2*p - 13 + 3 = 0, -4*q + 2*p - 10 = y. What is the units digit of (-4)/(q/25) - -3?
8
Suppose 4*o - 757 = 5*s, 6*s + 4*o = 2*s - 620. Let y = 219 + s. Suppose w - y = 2*m, 3*m + 115 = 4*w - 149. What is the tens digit of w?
6
Let a = 2272 - 1589. What is the tens digit of a?
8
Suppose 0 = -5*x - 25, -x + 3*x = -4*r + 3194. Suppose -10 = -4*t + 10, -4*v + r = 5*t. What is the units digit of v?
4
Suppose -2*j - p + 15 = -0*j, 0 = 2*j - 3*p - 3. Let n = j + -3. Suppose -1 = h - 2*w + 6, -5*h - 7 = -n*w. What is the units digit of h?
1
Let s(a) = a**3 + 11*a**2 - 20*